l(o) = o + 18. Is l(t) a multiple of 8?
True
Let n be 9/4 - (-5)/(-20). Let v = n + 1. Suppose -9 = -0*y - v*y. Is y a multiple of 3?
True
Let g = -3 + 2. Let o be (4*g)/2 + 4. Suppose -3 = -o*c + c, 37 = 4*s + 3*c. Does 3 divide s?
False
Suppose -3*g + 185 = 2*x, -x = -4*g - 0*x + 265. Is 26 a factor of g?
False
Suppose 0 = 3*k - 164 - 322. Is 54 a factor of k?
True
Suppose -66 - 19 = -3*p - 5*m, 0 = -3*p + 5*m + 35. Is 5 a factor of p?
True
Suppose 2*r = 4*x - r + 51, x - 16 = -5*r. Let z(g) = -4*g - 1. Is z(x) a multiple of 22?
False
Is 25 a factor of (-1)/((-15)/(-2)) + 1885/75?
True
Is 38*((0 - 0) + 2) a multiple of 15?
False
Suppose 3*g - g = 264. Does 13 divide 4/(-10) - g/(-5)?
True
Suppose -3*w = w - 12, -4*w = -2*m. Does 13 divide (-4)/m - (-80)/3?
True
Let i = -3 - -8. Suppose l = i*o - 144, 5*o - 4*l = 36 + 105. Does 10 divide o?
False
Suppose 5*h = h - 2*t + 32, -5*h - 3*t = -39. Suppose -7 = -4*q + h. Is 20 + (-3)/(6/q) a multiple of 18?
True
Let q(b) = b**3 - 12*b**2 - 7*b + 6. Let x(k) = -k**3 + 13*k**2 + 7*k - 6. Let a(o) = 4*q(o) + 3*x(o). Does 12 divide a(10)?
True
Let c = -356 + 506. Is 25 a factor of c?
True
Let u be 30/(4 - 2) - 1. Is 4/14 - (-514)/u a multiple of 9?
False
Let w = -1 + 4. Suppose 0 = w*y - 4 - 56. Does 10 divide y?
True
Suppose 1480 = 5*c + 5*c. Is c a multiple of 15?
False
Suppose -4*k - 162 = -7*k. Is k a multiple of 6?
True
Suppose 5*h + 3*g - 31 = 0, -3*h + 0*g - 3*g + 21 = 0. Suppose 33 = p + h*k, k = 4*k - 12. Is p a multiple of 13?
True
Let b be 2/((-1)/(-70) + 0). Suppose -5*v - p = -267, b = 4*v - 3*p - 85. Does 18 divide v?
True
Let h be (1 + -3)/(-10 - -9). Suppose -2*x - 4*k = -2, -h*x + 17 = 3*k - 2*k. Does 4 divide x?
False
Suppose 3*a = y - a - 23, y + 3*a = 23. Does 4 divide y?
False
Suppose 12 = -4*m - 20. Let q = m - -6. Is q - (-31 + 2 - 1) a multiple of 14?
True
Let j be 3/2*(-72)/(-27). Suppose j*y + 80 = 228. Does 17 divide y?
False
Suppose -5*u = -3*a + 50, 52 = 3*a + 2*u - 6*u. Is a a multiple of 5?
True
Suppose -687 = -4*b - 203. Let s = b - 70. Let m = s - 30. Is m a multiple of 7?
True
Let y(p) be the third derivative of 17*p**6/60 + p**5/60 + p**4/12 + p**3/6 - 2*p**2. Let n be y(-1). Let z = -7 - n. Is 15 a factor of z?
False
Let f = 15 - 5. Does 10 divide f?
True
Let u = -37 + 51. Does 7 divide u?
True
Let r(z) = 14*z - 3. Is r(3) a multiple of 14?
False
Let f(x) = -x**3 + 13*x**2 + 15*x - 14. Let a be f(14). Suppose 5*t = -a*t + 240. Is t a multiple of 21?
False
Let l(g) = -12*g - 18. Is l(-16) a multiple of 23?
False
Let r(p) = p - 2. Let s be r(6). Does 15 divide ((-2)/s*-34)/1?
False
Suppose 7*h = 4*h. Suppose 10 = -0*i + 2*i. Suppose h = i*k - 5 - 70. Is 15 a factor of k?
True
Let c(s) = -3*s + 2. Does 3 divide c(-3)?
False
Suppose -2*b + 3*b - 116 = 0. Does 11 divide b?
False
Let k = 77 + -29. Does 14 divide k?
False
Let w(p) = 2*p**2 - 5*p + 3. Let q(y) = y**2 - 3*y + 2. Let k(l) = -7*q(l) + 4*w(l). Does 28 divide k(5)?
True
Suppose -n + j + 30 = -15, 3*j + 95 = 2*n. Is 8 a factor of n?
True
Suppose 204 = 5*t + 4. Is 20 a factor of t?
True
Let g be 37/3 - 7/21. Suppose 2*p + 5*h - 11 = g, 4*p + 2*h - 54 = 0. Is 5 a factor of p?
False
Let t(u) = -u. Let i be t(-3). Suppose g = i*g - 20. Is 5 a factor of g?
True
Suppose -26 = -3*a - 10*a. Suppose -3*x = -x - 4. Suppose -3*f + x*l + 16 = -a*f, 2*l = -6. Is f a multiple of 10?
True
Let n = -7 + 5. Is 5 a factor of (3/9)/(n/(-42))?
False
Let q = 78 - 55. Is q a multiple of 23?
True
Is -6 + (-3 - -5) - 1310/(-5) a multiple of 43?
True
Suppose 2*u + w = 25, u + 42 = 4*u + 3*w. Is u a multiple of 4?
False
Suppose -3*u = -4*r + 10, 0 = -4*u - 4*r - 1 - 3. Let m = u - -6. Suppose -5*f + 95 = 4*c + m, 2*c - 45 = -3*f. Is c a multiple of 12?
True
Let n be 30/(-4)*(-6)/(-9). Let t(v) = -2*v - 2. Let q be t(n). Does 18 divide q/24 - (-53)/3?
True
Suppose -2*h - 3*h + 5*g = -520, 3*h = -g + 316. Does 15 divide h?
True
Let h(u) = u**2 + 1. Is h(4) a multiple of 10?
False
Let a be ((-3)/(-9))/((-2)/6). Let g(b) = 0*b - 20*b**3 - 5*b**3 + b. Does 14 divide g(a)?
False
Let w = -7 - -7. Suppose w*u = -3*u + 66. Is 11 a factor of u?
True
Suppose 0*f + x = -2*f + 10, -3*f = -5*x - 28. Suppose f = -o + 2*o - 2*m, -3*o = m - 4. Suppose 0 = -3*h - o*h + 120. Is 8 a factor of h?
True
Suppose -4*y - 316 = -8*y. Is y a multiple of 10?
False
Let q be ((-8)/4)/((-2)/8). Suppose -t = t + 8. Does 9 divide (-71)/t - (-2)/q?
True
Let w(g) be the first derivative of -3*g**2/2 - 8*g - 8. Is w(-12) a multiple of 22?
False
Suppose -5*c = -c - 128. Suppose -2*f + f + c = 0. Is f a multiple of 16?
True
Suppose 0 = -3*v - 0*v + 42. Does 5 divide v?
False
Let r = -32 + 3. Let a = 4 - r. Is 13 a factor of a?
False
Suppose 8*s - 11*s = 18. Let y(x) = 7*x**2 + x + 15. Let h(f) = 6*f**2 + 2*f + 14. Let d(a) = 6*h(a) - 5*y(a). Is 3 a factor of d(s)?
True
Let d(x) = 2*x + 2. Let h(m) = -9*m - 9. Let j(q) = 26*d(q) + 6*h(q). Is 4 a factor of j(-5)?
True
Let p(u) = -u. Let o be p(-4). Suppose 2*x - o*x = -8. Suppose 0*t = -4*m - x*t + 132, -96 = -3*m - 2*t. Does 15 divide m?
True
Suppose -h + 105 = 4*h. Is h a multiple of 6?
False
Let i(m) = m**2 + 5*m + 15. Is 11 a factor of i(-4)?
True
Let n be (9/(-3) + 30)*1. Let i = n + -16. Does 11 divide i?
True
Let i = 28 - 25. Suppose 210 = 3*c + i*c. Does 9 divide c?
False
Is 21 a factor of (1/3)/(3/369)?
False
Is 57 + 3/(-12)*0 a multiple of 19?
True
Suppose 3*a = -2*a + 305. Does 19 divide a?
False
Suppose 0 = -2*m - 4*r - 600, 2*r + 590 = -2*m - 0*r. Is 2/(-9) - m/9 a multiple of 15?
False
Let z = -149 + 214. Is z a multiple of 12?
False
Suppose a = 5 - 0. Does 9 divide (-3)/(-5)*6*a?
True
Let a = -6 - -12. Is 80/a + (-6)/(-9) a multiple of 4?
False
Does 15 divide 241/8 - 7/56?
True
Is (-507)/(-12) + (25/(-20) - -1) a multiple of 7?
True
Let r(z) = -3*z**3 - z**2 + z + 1. Let b be r(-1). Let k be 0/(3 + b/(-2)). Is 12 a factor of 52/2 + (k - 0)?
False
Does 22 divide 3/(18/20)*9?
False
Let i(g) = 28*g - 1. Let l be i(-1). Let c be l*(-3 - (3 + -1)). Suppose 4*b - m + 3*m - 150 = 0, -5*m - c = -3*b. Is b a multiple of 20?
True
Let x = 3 + 10. Is x a multiple of 13?
True
Suppose -y = -0*y - 2. Suppose -3*u + 169 = -y*b, 3*b - 5*b - 10 = 0. Is 11 a factor of u?
False
Suppose 11 = u - b, 6*u = 2*u - 3*b + 79. Let c = 5 - u. Let i = 33 + c. Is 11 a factor of i?
True
Let a(k) = k**2 - 3*k + 2. Suppose -2*j - h - 28 = 2*j, 14 = j - 5*h. Is 19 a factor of a(j)?
False
Suppose -2*z - 96 = y, -3*z = -2*y - 30 - 141. Let u be (-4)/22 + y/(-11). Suppose j = -3*j - k + u, 3*j - 5 = -k. Does 2 divide j?
False
Let a be -5*((-14)/10 + 1). Let s(f) = -f**3 + 4*f + 2. Let z be s(3). Let o = a - z. Does 9 divide o?
False
Let h be 34/2 + 1 - 2. Let d be 62/(-8) + (-2)/8. Let n = d + h. Does 4 divide n?
True
Suppose 2*d = -d + 54. Is 18 a factor of d?
True
Suppose -2*v = -3*v + 14. Let w = 26 - v. Does 12 divide w?
True
Suppose -11*h = 241 - 934. Does 21 divide h?
True
Suppose 6*d - 201 = 129. Does 11 divide d?
True
Let w = -4 - -4. Let t = 2 + w. Suppose 5*k - 2*l - 135 = -7*l, l = -t. Does 11 divide k?
False
Let k = 416 + -278. Is k a multiple of 23?
True
Let i be 35/((-2)/(-6)*3). Let g = -21 + i. Does 6 divide g?
False
Suppose 0 = 2*a + 2*u - 24, 2*a + 3*u - 6*u = -1. Let h be (567/(-6))/a*2. Does 13 divide h/(-2)*(-20)/(-15)?
False
Let a(u) be the second derivative of -2*u**3/3 - 3*u**2 + u. Is a(-4) a multiple of 5?
True
Let q(l) = -4*l - 6. Does 9 divide q(-8)?
False
Suppose -4*z + 10 = -94. Let t = -8 + z. Is t a multiple of 6?
True
Let m = 27 - -71. Is m a multiple of 24?
False
Let p(u) = u + 1. Let n be p(-3). Let x = 1 + n. Let a = 15 + x. Is 9 a factor of a?
False
Let t(l) = l**2 - 6*l - 8. Let b be t(7). Let k(h) = -12*h**3 + 2*h**2 + h. Is k(b) a multiple of 5?
False
Let w(t) = -4*t + 7. Suppose -5*u + 2*d - 27 = 0, -u - 12 + 3 = -4*d. Let h(v) = -3*v + 6. Let s(x) = u*w(x) + 6*h(x). Is 6 a factor of s(5)?
False
Let x(t) = t**2 - 7*t - 11. Let s(b) = -2*b**2 + 6*b + 12. Let q(v) = -3*s(v) - 4*x(v). Is q(-6) a multiple of 5?
True
Suppose 3*o + 322 = j, 5*j + 3*o = -0*j + 1556. Is 17 a factor of j?
False
Let f be (4/6)/(2/15). Suppose f*d + y + 2*y = 48, -2*d + y = -28. Is d a multiple of 12?
True
Suppose -14 = -2*w - 12. Is 6 